Select a Year or Month report
Report for 2021 Oct
MONTHLY CLIMATOLOGICAL SUMMARY for OCT. 2021
NAME: Episkopi Weather Station CITY: Episkopi STATE: Greece
ELEV: 340 m LAT: 35 15' 27" N LONG: 25 14' 15" E
TEMPERATURE (C), RAIN (mm), WIND SPEED (km/hr)
HEAT COOL AVG
MEAN DEG DEG WIND DOM
DAY TEMP HIGH TIME LOW TIME DAYS DAYS RAIN SPEED HIGH TIME DIR
------------------------------------------------------------------------------------
1 17.7 18.7 13:15 16.9 00:00 0.6 0.0 0.0 12.7 37.0 10:45 NW
2 17.2 18.9 16:05 16.2 7:30 1.1 0.0 0.0 10.9 35.4 10:55 NW
3 17.3 19.3 13:40 15.9 20:10 1.1 0.1 0.0 8.5 32.2 10:30 NW
4 17.3 19.7 13:45 15.8 1:05 1.2 0.1 0.0 9.7 38.6 13:05 NW
5 17.4 19.4 12:55 16.1 4:00 1.1 0.2 0.0 11.4 41.8 11:15 NW
6 17.1 19.2 15:20 15.0 00:00 1.3 0.1 0.0 8.9 30.6 13:10 NW
7 17.2 21.6 13:20 14.5 7:00 1.7 0.6 0.0 1.8 19.3 13:55 NW
8 20.5 26.3 13:20 16.4 5:55 0.5 2.7 0.0 9.5 37.0 9:55 SE
9 21.6 27.9 14:15 18.3 5:40 0.0 6.3 0.0 5.3 30.6 11:20 SE
10 21.1 24.8 11:05 17.4 4:30 0.1 2.9 0.2 2.6 19.3 12:40 NE
11 22.1 27.1 12:45 19.1 2:45 0.0 3.8 0.0 7.4 41.8 12:55 SE
12 18.9 22.4 13:40 16.4 23:30 0.3 0.9 1.0 5.5 46.7 13:50 SE
13 18.2 22.1 11:35 15.4 6:15 1.0 0.9 0.0 3.1 29.0 11:45 SE
14 18.0 22.2 14:25 16.2 18:45 0.8 0.6 4.4 12.9 45.1 15:20 SE
15 18.6 22.9 14:10 13.1 4:55 1.1 1.4 38.2 11.9 103.0 4:05 SE
16 16.8 21.2 13:20 14.6 7:20 1.7 0.2 0.4 6.1 40.2 12:55 SE
17 17.3 20.8 12:15 14.7 6:40 1.4 0.4 0.0 2.6 19.3 14:45 NW
18 16.9 19.8 13:10 15.2 5:15 1.6 0.1 0.0 1.4 19.3 13:10 NW
19 16.2 18.3 11:45 14.8 6:55 2.1 0.0 0.0 5.5 29.0 13:20 NW
20 15.7 17.6 13:30 14.2 23:40 2.6 0.0 0.0 7.9 32.2 13:35 NW
21 15.8 19.4 13:40 13.4 4:55 2.6 0.1 0.0 1.1 17.7 15:25 NW
22 17.4 21.3 12:10 14.5 6:20 1.4 0.5 0.6 3.2 20.9 16:50 WNW
23 18.4 21.6 12:50 16.0 2:00 0.7 0.9 0.0 1.8 24.1 15:05 NW
24 19.2 23.3 13:45 16.6 0:50 0.5 1.4 0.0 1.1 16.1 13:20 NW
25 15.8 18.0 12:10 14.1 23:45 2.5 0.0 1.0 5.1 33.8 15:05 NW
26 14.1 15.8 12:50 12.4 00:00 4.3 0.0 14.0 1.9 19.3 3:50 NW
27 13.7 15.6 12:40 12.4 0:10 4.6 0.0 0.8 0.3 11.3 13:05 NE
28 15.1 17.4 15:10 13.7 5:20 3.2 0.0 0.0 1.3 22.5 11:25 NE
29 14.9 16.9 14:05 13.9 18:30 3.3 0.0 0.4 1.1 16.1 10:40 NE
30 14.8 16.4 13:45 14.1 23:55 3.5 0.0 0.0 0.3 12.9 13:50 NW
31 14.7 16.3 13:35 13.4 6:30 3.6 0.0 4.6 0.2 11.3 22:20 NE
-------------------------------------------------------------------------------------
17.3 27.9 9 12.4 26 51.5 24.2 65.6 5.3 103.0 15 NW
Max >= 32.0: 0
Max <= 0.0: 0
Min <= 0.0: 0
Min <= -18.0: 0
Max Rain: 38.20 ON 15/10/21
Days of Rain: 11 (> .2 mm) 4 (> 2 mm) 1 (> 20 mm)
Heat Base: 18.3 Cool Base: 18.3 Method: Integration